 prime number?
True
Is 253 a composite number?
True
Is 14131 prime?
False
Is 368183 composite?
True
Is 666331 a composite number?
True
Is 1158953 a prime number?
True
Is 224819 composite?
True
Is 943 a prime number?
False
Is 4718119 prime?
False
Is 34507 a composite number?
True
Is 3593 a composite number?
False
Is 23849 a prime number?
False
Is 34214 a composite number?
True
Is 493057 prime?
False
Is 359 a prime number?
True
Is 545251 prime?
False
Is 53231 a composite number?
False
Is 6173 composite?
False
Is 8399 prime?
False
Is 77151 a prime number?
False
Is 1703 a composite number?
True
Is 25103 a composite number?
True
Is 67883 a composite number?
False
Is 3057 a prime number?
False
Is 327229 a prime number?
False
Is 20389 composite?
False
Is 3238 a prime number?
False
Is 19519 a prime number?
False
Is 16439 composite?
True
Is 3735937 prime?
False
Is 8197 a composite number?
True
Is 38557 prime?
True
Is 2203 composite?
False
Is 66271 a prime number?
True
Is 29407 a composite number?
True
Is 24431 a prime number?
False
Is 821 a composite number?
False
Is 47563 a composite number?
False
Is 3104269 composite?
True
Is 1097 prime?
True
Is 222913 a prime number?
True
Is 325919 prime?
False
Is 3011 prime?
True
Is 25931 prime?
True
Is 17621 a composite number?
True
Is 14233 a composite number?
True
Is 14281 a prime number?
True
Is 103263 a composite number?
True
Is 271423 prime?
False
Is 23849 composite?
True
Is 446119 a composite number?
True
Is 10261 a prime number?
False
Is 287461 composite?
True
Is 162343 a composite number?
False
Is 251383 a composite number?
True
Is 85297 a composite number?
False
Is 6103 composite?
True
Is 167537 a composite number?
False
Is 81251 prime?
False
Is 123973 a prime number?
True
Is 35729 prime?
True
Is 2521 a composite number?
False
Is 9521 composite?
False
Is 7697 composite?
True
Is 30353 a prime number?
False
Is 2381803 prime?
False
Is 110779 a composite number?
True
Is 463579 prime?
True
Is 47563 a prime number?
True
Is 415201 a prime number?
True
Is 98597 composite?
False
Is 745 composite?
True
Is 2513 composite?
True
Is 23419 composite?
True
Is 81409 a prime number?
True
Is 516787 composite?
True
Is 4477123 a prime number?
False
Is 2321 a prime number?
False
Is 194371 composite?
False
Is 1601455 a prime number?
False
Is 943 composite?
True
Is 221843 composite?
True
Is 25329 a prime number?
False
Is 508447 a composite number?
True
Is 138559 composite?
False
Is 101411 a prime number?
True
Is 1317967 composite?
True
Is 62897 prime?
True
Is 12133 prime?
False
Is 1123 composite?
False
Is 18841 a composite number?
True
Is 56623 composite?
True
Is 6073 composite?
False
Is 873043 a prime number?
True
Is 677423 a prime number?
True
Is 10681 prime?
False
Is 16469 a composite number?
True
Is 140521 a prime number?
True
Is 759431 prime?
True
Is 181709 composite?
True
Is 121843 a composite number?
False
Is 273291 composite?
True
Is 17399 prime?
False
Is 86899 prime?
False
Is 9167 a prime number?
False
Is 25561 a prime number?
True
Is 15107 composite?
False
Is 28383 a prime number?
False
Is 7397 a prime number?
False
Is 154549 composite?
True
Is 2705 a prime number?
False
Is 63977 a prime number?
True
Is 227251 composite?
False
Is 16351 a prime number?
False
Is 7537 composite?
False
Is 560657 a composite number?
True
Is 2927 prime?
True
Is 5273 composite?
False
Is 7969 a prime number?
False
Is 8665 prime?
False
Is 1741 a prime number?
True
Is 10841 a prime number?
False
Is 4783 a prime number?
True
Is 28111 composite?
False
Is 98711 a composite number?
False
Is 15986 a composite number?
True
Is 1993 a composite number?
False
Is 252427 composite?
True
Is 91703 composite?
False
Is 146723 a prime number?
False
Is 139798 a composite number?
True
Is 4189 a composite number?
True
Is 29501 a prime number?
True
Is 12611 composite?
False
Is 107335 composite?
True
Is 38299 a composite number?
False
Is 231529 a prime number?
True
Is 1399 a composite number?
False
Is 14369 prime?
True
Is 2777 a prime number?
True
Is 714061 prime?
True
Is 8813311 a composite number?
True
Is 120643 a prime number?
False
Is 41842 prime?
False
Is 4049 prime?
True
Is 7069 prime?
True
Is 42667 prime?
True
Is 59263 a prime number?
True
Is 7897 a prime number?
False
Is 1981349 a composite number?
False
Is 14719 composite?
True
Is 509477 a composite number?
False
Is 8889 a composite number?
True
Is 1816063 composite?
False
Is 52777 prime?
False
Is 2097593 a composite number?
False
Is 148202 a composite number?
True
Is 643301 composite?
False
Is 19291 a composite number?
True
Is 54517 prime?
True
Is 39293 a composite number?
False
Is 877463 a prime number?
True
Is 177259 prime?
False
Is 9901 composite?
False
Is 287909 a prime number?
False
Is 156217 prime?
True
Is 42422 a prime number?
False
Is 37151 prime?
False
Is 227343 a composite number?
True
Is 5779 a prime number?
True
Is 42157 a prime number?
True
Is 5873 a composite number?
True
Is 87311 a composite number?
True
Is 2437 prime?
True
Is 106229 a prime number?
False
Is 27301 prime?
False
Is 1069 a composite number?
False
Is 3691 prime?
True
Is 92269 a prime number?
True
Is 43633 a composite number?
False
Is 82 prime?
False
Is 1101419 a composite number?
True
Is 1258133 composite?
False
Is 195121 a prime number?
True
Is 25523 a prime number?
True
Is 312119 prime?
False
Is 78559 composite?
True
Is 394357 prime?
True
Is 553171 prime?
True
Is 87839 a prime number?
False
Is 21241 a composite number?
True
Is 514103 a prime number?
True
Is 26027 prime?
False
Is 2357 composite?
False
Is 193937 composite?
False
Is 20317 composite?
True
Is 1643 a prime number?
False
Is 673451 a composite number?
False
Is 38039 a prime number?
True
Is 5413 a composite number?
False
Is 65287 a composite number?
False
Is 135791 prime?
False
Is 32137 a prime number?
False
Is 101245 prime?
False
Is 550223 composite?
True
Is 409237 a composite number?
False
Is 1471 composite?
False
Is 19951 prime?
False
Is 175229 a prime number?
True
Is 7331 composite?
False
Is 29771 a composite number?
True
Is 340231 a composite number?
True
Is 358315 a composite number?
True
Is 6537 a prime number?
False
Is 3403 composite?
True
Is 2073 a composite number?
True
Is 8329 composite?
False
Is 160343 a prime number?
True
Is 1151 a composite number?
False
Is 113923 prime?
False
Is 49415 a composite number?
True
Is 4327 a prime number?
True
Is 206111 composite?
True
Is 33365 prime?
False
Is 41731 composite?
True
Is 19681 prime?
True
Is 1096307 composite?
False
Is 25637 composite?
True
Is 8761 composite?
False
Is 11411 prime?
True
Is 60493 a composite number?
False
Is 185243 a composite number?
False
Is 53881 prime?
True
Is 1683169 a prime number?
True
Is 518329 prime?
False
Is 188663 prime?
False
Is 153337 composite?
False
Is 29071 a prime number?
False
Is 668153 prime?
True
Is 21709 a prime number?
False
Is 323533 prime?
False
Is 1733 a composite number?
False
Is 7643 composite?
False
Is 42193 composite?
False
Is 2437 composite?
False
Is 312383 a prime number?
True
Is 38543 a composite number?
False
Is 303173 prime?
False
Is 222511 composite?
False
Is 991 prime?
True
Is 4522781 prime?
False
Is 1303231 a composite number?
True
Is 3973 prime?
False
Is 25499 prime?
False
Is 3247 composite?
True
Is 92107 prime?
True
Is 76421 prime?
True
Is 32741 a composite number?
True
Is 65831 prime?
True
Is 95153 prime?
True
Is 1709 composite?
False
Is 72019 prime?
True
Is 3409 a prime number?
False
Is 215282 a composite number?
True
Is 37079 a prime number?
False
Is 4101 composite?
True
Is 53069 composite?
False
Is 93103 prime?
True
Is 965 prime?
False
Is 514343 a composite number?
False
Is 96891 a prime number?
False
Is 92542 prime?
False
Is 8098 a prime number?
False
Is 120298 a prime number?
False
Is 33377 a prime number?
True
Is 1593051 a composite number?
True
Is 80923 composite?
False
Is 100609 composite?
False
Is 5147 a composite number?
False
Is 589 a composite number?
True
Is 2095 prime?
False
Is 673 a composite number?
False
Is 139643 a prime number?
False
Is 12335 a composite number?
True
Is 19913 prime?
True
Is 13649 a prime number?
True
Is 911689 composite?
False
Is 30263 a composite number?
True
Is 11459 composite?
True
Is 371263 a composite number?
True